4320
In base 13, what is -57 - a7?
-131
In base 13, what is -7 - -56b8?
56b1
In base 16, what is -1584 + -2?
-1586
In base 12, what is 37 - 45a6?
-456b
In base 2, what is 111 - 1111110100111010110?
-1111110100111001111
In base 3, what is -11021 + -100021?
-111112
In base 11, what is -960 + a?
-951
In base 12, what is -6557 + -5?
-6560
In base 16, what is -5 - 71b?
-720
In base 4, what is 12312213 - -10?
12312223
In base 16, what is 8911 + 8?
8919
In base 14, what is -4 + 7a1c?
7a18
In base 10, what is -36 - 432?
-468
In base 8, what is 1 + 32477?
32500
In base 13, what is 54967 - 1?
54966
In base 16, what is -1 - -4bd7?
4bd6
In base 3, what is -11 + -200001001002?
-200001001020
In base 13, what is -5c60 + -50?
-5cb0
In base 5, what is -3 - 2202304?
-2202312
In base 5, what is 132 - 10104422?
-10104240
In base 5, what is 1344 - -43?
1442
In base 3, what is -112201120 - 1?
-112201121
In base 4, what is -2111101231 + -11?
-2111101302
In base 5, what is 0 - -1214004?
1214004
In base 2, what is -10011 - 1001100110111?
-1001101001010
In base 16, what is -73 + 563?
4f0
In base 16, what is e16a + -2?
e168
In base 6, what is -12 - 10403?
-10415
In base 2, what is 10 - -1100101111000111011?
1100101111000111101
In base 9, what is -12 + -130755?
-130767
In base 2, what is 100 + -10011001100010011110?
-10011001100010011010
In base 4, what is 1 - -102200032?
102200033
In base 13, what is 20 - 21a8?
-2188
In base 16, what is -7 - -1dab?
1da4
In base 5, what is 20 + -1131431?
-1131411
In base 12, what is 13903 + 6?
13909
In base 9, what is -14171 - -6?
-14164
In base 8, what is -133654 - -3?
-133651
In base 9, what is 163 - -10135?
10308
In base 16, what is 7a + 34?
ae
In base 4, what is 1 + 22203000?
22203001
In base 12, what is -1 - -120666?
120665
In base 2, what is -11100000101 + 110?
-11011111111
In base 16, what is 16196 + 1?
16197
In base 11, what is 66 - -164a?
1705
In base 8, what is 105375 + -141?
105234
In base 14, what is 197c + -66?
1916
In base 4, what is 11 + 10220?
10231
In base 10, what is -98 - -6?
-92
In base 16, what is ae172 + -1?
ae171
In base 2, what is 110100111100010001 - -10111?
110100111100101000
In base 7, what is 365 + 1261?
1656
In base 7, what is -1636 - 2401?
-4340
In base 8, what is 3274374 + -5?
3274367
In base 4, what is -21231020 - 111?
-21231131
In base 6, what is -203 + -10025?
-10232
In base 11, what is 13 + 7937?
794a
In base 15, what is 33 - 3bd?
-38a
In base 7, what is 6423 - 5?
6415
In base 14, what is -15b + 262?
105
In base 15, what is -12283 - 3?
-12286
In base 12, what is -7 + -143447?
-143452
In base 2, what is 1101011010010 + 1000?
1101011011010
In base 2, what is 11111011010110 + 101?
11111011011011
In base 8, what is -1153 - 24?
-1177
In base 7, what is -43205 - 5?
-43213
In base 16, what is -44ec + -3?
-44ef
In base 7, what is -13 - 412050?
-412063
In base 3, what is 20012022 + -1002?
20011020
In base 8, what is 3 + -3027?
-3024
In base 11, what is 37 + 1053?
108a
In base 10, what is -2716 + 26?
-2690
In base 8, what is -34 + 152451?
152415
In base 13, what is -5 - -1960?
1958
In base 7, what is 16105 + 1546?
20654
In base 9, what is -102 + 30?
-62
In base 11, what is -37 + 4488?
4451
In base 14, what is -84d1 + -15?
-8506
In base 2, what is -101001011 - -10110100?
-10010111
In base 16, what is -21e0 + 5?
-21db
In base 3, what is 1 - -20022122121?
20022122122
In base 13, what is 2 - 9b46?
-9b44
In base 8, what is 360 - -1646?
2226
In base 14, what is 4a - -ad0?
b3a
In base 9, what is -877 - 124?
-1112
In base 6, what is -24 + -54515?
-54543
In base 4, what is 2 - -131033010?
131033012
In base 3, what is -120121111 - -21?
-120121020
In base 16, what is ef9 - -17?
f10
In base 8, what is -440442 + 2?
-440440
In base 2, what is 110100 - -1011111110100?
1100000101000
In base 9, what is 6333 - 2?
6331
In base 2, what is -1110100 + -100110?
-10011010
In base 13, what is -8 - 42a1?
-42a9
In base 7, what is -6262 - 14?
-6306
In base 2, what is 100 - 1110001100001010000?
-1110001100001001100
In base 8, what is -14 + 2746?
2732
In base 3, what is 10 - -111220212?
111220222
In base 8, what is 226 + 651?
1077
In base 7, what is 426 - 5430?
-5001
In base 6, what is -122 + 2102?
1540
In base 13, what is -447 + 80?
-397
In base 6, what is -1345422 - 1?
-1345423
In base 7, what is -26 + 311602?
311543
In base 3, what is 10010 - 10100001?
-10012221
In base 8, what is 1014 - 1221?
-205
In base 15, what is 4 + -3306?
-3302
In base 2, what is -1100011 + 100010010100?
100000110001
In base 16, what is 14 - -4b58?
4b6c
In base 11, what is 2a43a - -22?
2a461
In base 2, what is -110000011110 - 1010?
-110000101000
In base 11, what is 5 + 14813?
14818
In base 2, what is 0 + 11111001001111?
11111001001111
In base 6, what is 201204 - -5?
201213
In base 12, what is -9288 - -68?
-9220
In base 5, what is -1 + 212233?
212232
In base 10, what is 20 + 104832?
104852
In base 4, what is -1201 - 10130?
-11331
In base 5, what is 43021334 - 4?
43021330
In base 10, what is -9323 - 0?
-9323
In base 10, what is 193620 - 3?
193617
In base 14, what is 4399 - a?
438d
In base 9, what is 10616 - 36?
10570
In base 15, what is 18 + 148?
161
In base 8, what is -331 - 26220?
-26551
In base 5, what is 0 - 130221132?
-130221132
In base 15, what is -e4 - 396a?
-3a5e
In base 5, what is -3304 - 303?
-4112
In base 9, what is -1 - 11563?
-11564
In base 3, what is 20022210 + 102?
20100012
In base 14, what is 4 + 216663?
216667
In base 5, what is 3 + 202444?
203002
In base 15, what is 8e32a - 3?
8e327
In base 10, what is -26833 + -27?
-26860
In base 2, what is -100 + 1000000111000?
1000000110100
In base 11, what is 3 - -23a15?
23a18
In base 14, what is 3a + 1602?
163c
In base 7, what is -64 - -1430?
1333
In base 9, what is -403 + 2444?
2041
In base 11, what is -350 - 743?
-a93
In base 7, what is 1 + -53262?
-53261
In base 2, what is 1000000 + 1010001001?
1011001001
In base 5, what is 13 - -213103244?
213103312
In base 9, what is -15 + 286?
271
In base 13, what is -70307 - 0?
-70307
In base 4, what is 112220 - -33?
112313
In base 11, what is -a33923 + 1?
-a33922
In base 8, what is -135571 + -177?
-135770
In base 12, what is -5b85 - 16?
-5b9b
In base 6, what is -1435411 + -3?
-1435414
In base 15, what is 0 - 4405?
-4405
In base 2, what is -101 + -110001001011100100?
-110001001011101001
In base 11, what is -1826 - -1?
-1825
In base 11, what is 237665 + -10?
237655
In base 7, what is -25143316 - -5?
-25143311
In base 10, what is 25474 - -5?
25479
In base 6, what is -100200 + -32?
-100232
In base 11, what is -3 + -87a6?
-87a9
In base 10, what is 1456 + -1931?
-475
In base 4, what is 3200 + -1121113?
-1111313
In base 5, what is 0 + 1132301?
1132301
In base 5, what is 2401412 - -13?
2401430
In base 16, what is -13b95 - c?
-13ba1
In base 13, what is 97cac + -4?
97ca8
In base 6, what is 0 - -200200?
200200
In base 9, what is 1586 + 12?
1608
In base 9, what is 241085 - -2?
241087
In base 12, what is -32513 + 5?
-3250a
In base 11, what is -127571 - 2?
-127573
In base 16, what is 2901 - -b?
290c
In base 5, what is 21431 - -104?
22040
In base 13, what is 56 + -94bc?
-9466
In base 5, what is 14400 + 44?
14444
In base 7, what is -644050 - 0?
-644050
In base 12, what is 20 - -a915?
a935
In base 8, what is -2 - 1073676?
-1073700
In base 10, what is -17220 - -5?
-17215
In base 10, what is -197 + 1074?
877
In base 2, what is 1000 - 10110110010000?
-10110110001000
In base 6, what is 435 + -224322?
-223443
In base 15, what is -ae52 + -32?
-ae84
In base 6, what is -44 + 3215?
3131
In base 4, what is -301202 + 11023?
-230113
In base 14, what is -2 + 1555c8?
1555c6
In base 9, what is 18631 - 1?
18630
In base 2, what is 1010001010000001010111 + 100?
1010001010000001011011
In base 7, what is 14 + 211356?
211403
In base 2, what is -1011001100 - 1010?
-1011010110
In base 8, what is -74 + -21544?
-21640
In base 16, what is d9 + 5?
de
In base 2, what is -101110010000 - 11111?
-101110101111
In base 16, what is -1f84 + -8?
-1f8c
In base 15, what is -1612 + 1de?
-1423
In base 13, what is -5350 + 34?
-5319
In base 3, what is 1221101110 + -202?
1221100201
In base 4, what is -130221 - 12222?
-203103
In base 12, what is a + -20421?
-20413
In base 9, what is 16483 + -261?
16222
In base 5, what is 2 + 